mmon divisor of 649 and 11.
11
What is the highest common divisor of 45 and 660?
15
Calculate the highest common factor of 3015 and 18.
9
What is the greatest common factor of 95 and 6080?
95
What is the greatest common divisor of 32398 and 194?
194
Calculate the highest common factor of 476 and 119.
119
Calculate the greatest common divisor of 19 and 2.
1
Calculate the highest common factor of 30 and 42.
6
What is the greatest common factor of 475 and 50?
25
Calculate the highest common divisor of 114 and 96.
6
What is the highest common factor of 4610 and 170?
10
What is the greatest common factor of 4 and 222?
2
Calculate the greatest common divisor of 119 and 49.
7
What is the highest common factor of 2025 and 200?
25
What is the greatest common factor of 2451 and 513?
57
Calculate the highest common divisor of 4 and 356.
4
Calculate the greatest common factor of 1086 and 30.
6
Calculate the greatest common factor of 1015 and 3770.
145
Calculate the highest common divisor of 165 and 1485.
165
What is the greatest common divisor of 420 and 10?
10
Calculate the greatest common factor of 26 and 2210.
26
Calculate the highest common factor of 158 and 3950.
158
Calculate the highest common factor of 5712 and 153.
51
Calculate the greatest common divisor of 32 and 5664.
32
Calculate the highest common divisor of 336 and 240.
48
What is the highest common divisor of 18 and 3714?
6
Calculate the greatest common divisor of 558 and 1178.
62
Calculate the greatest common factor of 198 and 528.
66
What is the greatest common factor of 10492 and 732?
244
Calculate the highest common divisor of 95357 and 167.
167
Calculate the greatest common factor of 8302 and 14.
14
Calculate the greatest common factor of 48 and 744.
24
What is the greatest common divisor of 48 and 2568?
24
What is the greatest common divisor of 41 and 1681?
41
Calculate the greatest common divisor of 671 and 1769.
61
What is the greatest common factor of 329 and 14?
7
Calculate the greatest common factor of 2758 and 350.
14
What is the highest common divisor of 238 and 170?
34
What is the highest common divisor of 812 and 28?
28
Calculate the highest common factor of 78 and 180.
6
What is the highest common factor of 147 and 714?
21
Calculate the highest common factor of 88 and 5665.
11
Calculate the highest common factor of 28 and 24.
4
What is the greatest common divisor of 11 and 1903?
11
What is the greatest common factor of 728 and 42?
14
What is the highest common factor of 69 and 552?
69
Calculate the greatest common divisor of 820 and 80.
20
What is the greatest common factor of 36 and 192?
12
What is the greatest common factor of 62 and 310?
62
What is the highest common factor of 923 and 213?
71
Calculate the greatest common factor of 135 and 90.
45
What is the highest common factor of 9 and 3015?
9
Calculate the greatest common divisor of 224 and 70.
14
Calculate the highest common factor of 996 and 9.
3
Calculate the highest common factor of 450 and 324.
18
What is the highest common divisor of 374 and 170?
34
Calculate the highest common factor of 17 and 153.
17
Calculate the highest common divisor of 830 and 5.
5
Calculate the highest common factor of 62 and 1891.
31
What is the greatest common divisor of 55 and 5?
5
Calculate the greatest common divisor of 621 and 1311.
69
Calculate the greatest common factor of 13 and 65.
13
What is the highest common factor of 3381 and 138?
69
Calculate the greatest common divisor of 1591 and 37.
37
What is the greatest common divisor of 150 and 125?
25
Calculate the highest common factor of 940 and 47.
47
Calculate the greatest common factor of 9 and 4.
1
What is the highest common factor of 1589 and 91?
7
What is the highest common divisor of 40 and 14180?
20
What is the highest common factor of 279 and 9?
9
What is the highest common divisor of 276 and 2136?
12
What is the highest common factor of 51 and 2006?
17
Calculate the highest common factor of 1 and 29.
1
What is the greatest common divisor of 1340 and 40?
20
What is the greatest common divisor of 624 and 12?
12
What is the greatest common factor of 66 and 7755?
33
What is the greatest common factor of 55 and 539?
11
What is the highest common factor of 105 and 2688?
21
What is the highest common divisor of 1945 and 15?
5
Calculate the highest common divisor of 448 and 952.
56
What is the highest common divisor of 16 and 1088?
16
What is the greatest common factor of 913 and 242?
11
What is the greatest common divisor of 371 and 4929?
53
Calculate the highest common divisor of 14 and 49.
7
Calculate the highest common divisor of 448 and 96.
32
What is the highest common factor of 684 and 81?
9
What is the greatest common divisor of 6647 and 17?
17
Calculate the highest common divisor of 150 and 6.
6
Calculate the highest common divisor of 184 and 506.
46
Calculate the highest common factor of 42 and 903.
21
Calculate the highest common factor of 12 and 444.
12
Calculate the highest common divisor of 200 and 56.
8
Calculate the highest common factor of 2580 and 60.
60
Calculate the highest common factor of 781 and 22.
11
Calculate the greatest common divisor of 172 and 10148.
172
Calculate the greatest common factor of 357 and 3171.
21
What is the highest common factor of 87 and 4611?
87
What is the greatest common factor of 39 and 234?
39
What is the greatest common divisor of 5 and 125?
5
What is the highest common factor of 48 and 2298?
6
Calculate the greatest common factor of 180 and 310.
10
What is the greatest common divisor of 38 and 12578?
38
Calculate the greatest common factor of 400 and 560.
80
What is the highest common factor of 69 and 92?
23
Calculate the greatest common divisor of 5 and 3005.
5
Calculate the greatest common factor of 98 and 602.
14
Calculate the highest common divisor of 1079 and 13.
13
Calculate the greatest common factor of 3 and 17.
1
What is the greatest common factor of 13 and 7527?
13
What is the highest common divisor of 2 and 376?
2
Calculate the highest common factor of 1196 and 260.
52
What is the greatest common factor of 20152 and 176?
88
Calculate the greatest common factor of 255 and 4245.
15
What is the greatest common factor of 11 and 2?
1
What is the highest common divisor of 39 and 117?
39
What is the highest common divisor of 129 and 16426?
43
Calculate the greatest common factor of 16 and 1928.
8
What is the highest common factor of 11 and 55?
11
Calculate the greatest common factor of 306 and 442.
34
Calculate the highest common factor of 10 and 164.
2
Calculate the highest common divisor of 51 and 68.
17
What is the highest common divisor of 3 and 43?
1
Calculate the greatest common factor of 48 and 128.
16
Calculate the highest common divisor of 32 and 6.
2
What is the greatest common divisor of 6036 and 12?
12
What is the greatest common factor of 218 and 327?
109
Calculate the highest common factor of 7 and 497.
7
Calculate the greatest common divisor of 945 and 720.
45
Calculate the highest common factor of 88 and 583.
11
Calculate the highest common factor of 49 and 581.
7
What is the highest common divisor of 299 and 65?
13
What is the highest common divisor of 2493 and 9?
9
What is the highest common divisor of 11175 and 30?
15
What is the highest common divisor of 160 and 810?
10
Calculate the highest common divisor of 5 and 3665.
5
What is the greatest common divisor of 369 and 36?
9
What is the highest common factor of 1891 and 62?
31
Calculate the highest common divisor of 5365 and 580.
145
What is the highest common divisor of 62 and 1798?
62
What is the highest common factor of 37 and 9731?
37
What is the highest common factor of 2025 and 75?
75
What is the highest common factor of 34 and 17?
17
Calculate the highest common factor of 82 and 4223.
41
What is the greatest common divisor of 90 and 1710?
90
Calculate the greatest common factor of 52 and 1196.
52
Calculate the highest common divisor of 1043 and 7.
7
Calculate the greatest common factor of 29 and 8207.
29
Calculate the highest common factor of 75 and 27075.
75
Calculate the greatest common factor of 378 and 63.
63
What is the highest common divisor of 14 and 161?
7
What is the highest common divisor of 16 and 2?
2
Calculate the greatest comm